 base 13, what is -5 + 682?
67a
In base 11, what is 500 - 1?
4aa
In base 16, what is 0 + -4a?
-4a
In base 2, what is -11 - 11100101011?
-11100101110
In base 16, what is -3 + -1?
-4
In base 10, what is -627 - -13?
-614
In base 5, what is 30 + 1002?
1032
In base 16, what is 2f7 + 5?
2fc
In base 2, what is -1 + -1101000?
-1101001
In base 16, what is -1 + -54?
-55
In base 12, what is 5 - 80?
-77
In base 12, what is -347 - 3?
-34a
In base 7, what is -334 + -12?
-346
In base 11, what is -10 + -313?
-323
In base 6, what is 5 + 12?
21
In base 16, what is 19 + -3c?
-23
In base 12, what is 1 + b18?
b19
In base 3, what is 221221 + -1101?
220120
In base 16, what is -188 + 3?
-185
In base 4, what is -3 + -1303323?
-1303332
In base 11, what is 1 + 2150?
2151
In base 4, what is 3231 + -2?
3223
In base 11, what is -10 - 18?
-28
In base 14, what is -30 - a?
-3a
In base 8, what is 0 - 74?
-74
In base 16, what is -4d7 - 3?
-4da
In base 16, what is a - -b1?
bb
In base 11, what is 97 - 138?
-51
In base 3, what is -10220 - 121?
-11111
In base 5, what is 130 - 22?
103
In base 5, what is 1011 + -132?
324
In base 9, what is -668 + 14?
-654
In base 8, what is 1262 + 0?
1262
In base 11, what is -33 + 7?
-27
In base 2, what is 100101 - -110110?
1011011
In base 3, what is -11 + 101021221?
101021210
In base 13, what is 2376 + -3?
2373
In base 8, what is 44 - 42?
2
In base 8, what is 0 + -1527?
-1527
In base 8, what is -4070 - -2?
-4066
In base 6, what is -554 - 15?
-1013
In base 16, what is -4 - -4fb?
4f7
In base 13, what is -8 - 1?
-9
In base 6, what is 211 + 4?
215
In base 8, what is -52 - 4?
-56
In base 15, what is -5 - -346?
341
In base 9, what is 245 - -4?
250
In base 4, what is 32 + 22?
120
In base 14, what is -67 - -1?
-66
In base 12, what is -34 + 14?
-20
In base 10, what is -9 + -5?
-14
In base 10, what is 4503 - -4?
4507
In base 10, what is -97 + 67?
-30
In base 16, what is -5 - -594?
58f
In base 13, what is 108 - 6?
102
In base 13, what is 821 - a?
814
In base 7, what is -1 + -4?
-5
In base 16, what is a0 - -4?
a4
In base 13, what is 2c4 + -24?
2a0
In base 13, what is -48 - 1?
-49
In base 4, what is 1 + -103?
-102
In base 16, what is 1 + a3?
a4
In base 2, what is 1010000001 - -11?
1010000100
In base 11, what is 4 + -511?
-508
In base 4, what is -1 + -332102?
-332103
In base 5, what is 14 - -13433?
14002
In base 2, what is -1001 - 101?
-1110
In base 4, what is -3 + 300?
231
In base 5, what is 144 - -40?
234
In base 10, what is -65 - 4?
-69
In base 12, what is -4 + 18?
14
In base 6, what is -23 - 100?
-123
In base 13, what is -786 + -1?
-787
In base 5, what is 11133 - -10?
11143
In base 7, what is -11 - 2325?
-2336
In base 14, what is -201 - -13?
-1cc
In base 13, what is c5 - 0?
c5
In base 11, what is 44 - -379?
412
In base 4, what is -122003 - 0?
-122003
In base 7, what is 365 - -1?
366
In base 6, what is -4241 + 4?
-4233
In base 4, what is 12 + 111223?
111301
In base 16, what is a - -1b?
25
In base 13, what is 5 + -9a7?
-9a2
In base 5, what is -3 + -41?
-44
In base 7, what is 5 - -140?
145
In base 7, what is 31326 - -3?
31332
In base 11, what is 1a + -1a3?
-184
In base 4, what is 322 + 30?
1012
In base 7, what is 302 - -20?
322
In base 11, what is -1 + 4482?
4481
In base 15, what is 15a7 - -1?
15a8
In base 3, what is -10020 + -1010?
-11100
In base 5, what is 211 - 11?
200
In base 12, what is -6a + -4?
-72
In base 10, what is 3 + -59?
-56
In base 7, what is 1 + -154?
-153
In base 15, what is -15e + 3?
-15b
In base 12, what is 12 + 9?
1b
In base 12, what is -12 + 4?
-a
In base 16, what is -2e - 1?
-2f
In base 11, what is -704 + 2?
-702
In base 15, what is -8 + -642?
-64a
In base 12, what is 11 + -2a?
-19
In base 4, what is -21 - 2020?
-2101
In base 2, what is -10011111010100 - 11?
-10011111010111
In base 15, what is -34e + e?
-340
In base 2, what is -1110 - 1111?
-11101
In base 2, what is 11010 + -100?
10110
In base 8, what is 10 - 26?
-16
In base 4, what is -130133 - 10?
-130203
In base 5, what is -31204 + 4?
-31200
In base 8, what is -453 - -3?
-450
In base 6, what is -103402 - 2?
-103404
In base 6, what is -32 - -33?
1
In base 7, what is -34 + 0?
-34
In base 12, what is 0 + 8?
8
In base 14, what is -2dc - -4?
-2d8
In base 12, what is 4a - -1?
4b
In base 15, what is -d - 15?
-23
In base 14, what is -3 + -117b?
-1180
In base 12, what is b9 + 3?
100
In base 5, what is -322 + 114?
-203
In base 7, what is 5 - 623?
-615
In base 6, what is -230043 - 3?
-230050
In base 13, what is -2 + 86?
84
In base 6, what is -30443 - 1?
-30444
In base 8, what is 0 - -376?
376
In base 3, what is 220 + -1022?
-102
In base 5, what is 420 + 12?
432
In base 3, what is 1210221 - 10?
1210211
In base 8, what is 3654 - -3?
3657
In base 10, what is -11 + 3?
-8
In base 11, what is -394 + -2?
-396
In base 7, what is 2 + -3026?
-3024
In base 11, what is 431 - 5?
427
In base 5, what is 2340 - -30?
2420
In base 11, what is 93 - -45?
128
In base 9, what is 4 + -18?
-14
In base 8, what is 0 + 247?
247
In base 9, what is 3 - 270?
-266
In base 7, what is -3 + -113?
-116
In base 10, what is 2017 + 3?
2020
In base 4, what is 11 + -11313?
-11302
In base 14, what is 170 + 1?
171
In base 10, what is -3 + 61?
58
In base 12, what is -3a6 - 2?
-3a8
In base 6, what is -13234 - 5?
-13243
In base 5, what is -12 + -130?
-142
In base 13, what is -54 - -1c?
-35
In base 16, what is 15a + 0?
15a
In base 10, what is 0 + 397?
397
In base 8, what is -2 - -322?
320
In base 11, what is 27 - 2?
25
In base 2, what is -101000000011100 + -101?
-101000000100001
In base 11, what is 3 + -64?
-61
In base 5, what is -4 + -4003?
-4012
In base 10, what is 1 + 186?
187
In base 4, what is 13211 + -3?
13202
In base 12, what is -1b4a - -1?
-1b49
In base 4, what is 10 + -11?
-1
In base 13, what is -24 - -b4?
90
In base 6, what is -344 - 4?
-352
In base 13, what is -2 - -101?
cc
In base 12, what is -a23 - -3?
-a20
In base 13, what is 4 - 38?
-34
In base 5, what is 24 + -3?
21
In base 12, what is 22b0 - 4?
22a8
In base 15, what is -2a1 - -5?
-29b
In base 5, what is 11 + -11314?
-11303
In base 8, what is -5736 - 10?
-5746
In base 8, what is 56 + 2?
60
In base 6, what is 15211 - -3?
15214
In base 15, what is -143 + 14?
-12e
In base 10, what is 7 - -586?
593
In base 14, what is 37 + 0?
37
In base 16, what is -2be + -1?
-2bf
In base 4, what is -10112 + -203?
-10321
In base 4, what is -20 - -120?
100
In base 4, what is -10 - 1010303?
-1010313
In base 5, what is 3 + 14404?
14412
In base 16, what is -94 + -5?
-99
In base 6, what is 5 + -124?
-115
In base 13, what is 1 + 63?
64
In base 4, what is 30 - 1020?
-330
In base 2, what is -1111 - -11000?
1001
In base 12, what is 6ab + -6?
6a5
In base 16, what is 142 + -5?
13d
In base 2, what is -1100 + 10101?
1001
In base 16, what is -189 + -19?
-1a2
In base 7, what is 425 + 21?
446
In base 14, what is -b07 + 3?
-b04
In base 13, what is 5 - -22a?
232
In base 14, what is -14 + b9?
a5
In base 11, what is -7a + 32?
-48
In base 15, what is -a0 + a?
-95
In base 2, what is -1110 - -10?
-1100
In base 14, what is 30 - a?
24
In base 9, what is 3 - 216?
-213
In base 2, what is -1110100001 - 100?
-1110100101
In base 9, what is 2514 + -6?
2507
In base 5, what is 3 + -1423?
-1420
In base 15, what is 4 - 2d?
-29
In base 6, what is 143 - 12?
131
In base 10, what is -4 + -17?
-21
In base 16, what is 2 + -1e?
-1c
In base 9, what is -371 - 37?
-418
In base 11, what is 0 - 1715?
-1715
In base 4, what is -30 + -112?
-202
In base 4, what is -11 + 1010?
333
In base 10, what is 62 - -24?
86
In base 10, what is -2 + -107?
-109
In base 12, what is 1 - -18?
19
In base 10, what is -5 + 0?
-5
In base 10, what is 93 - -4?
97
In base 7, what is 125246 + 0?
125246
In base 5, what is 120 - -12?
132
In base 2, what is -110 + 1010110?
1010000
In base 14, what is 92 + -7?
89
In base 3, what is -1102 - -11?
-1021
In base 10, what is 888 + -2?
886
In base 4, what is 113223 + -11?
113212
In base 6, what is 2 - -500?
502
In base 13, what is 0 + -20?
-20
In base 7, what is -261 + 13?
-245
In base 12, what is 1b4 + 0?
1b4
In base 8, what is -5 + -6545?
-6552
In base 9, what is 0 + -77?
-77
In base 8, what is 132 + 0?
132
In base 6, what is -144 + -51?
-235
In base 12, what is -371 + 4?
-369
In base 15, what is 45 + -3?
42
In base 2, what is